9
What are the prime factors of 16848150?
2, 3, 5, 11, 10211
What are the prime factors of 15356474?
2, 7, 17, 113, 571
List the prime factors of 303902.
2, 47, 53, 61
List the prime factors of 2919657.
3, 13, 43, 1741
List the prime factors of 450993.
3, 17, 37, 239
What are the prime factors of 518103?
3, 31, 619
What are the prime factors of 3505702?
2, 1752851
What are the prime factors of 245237?
127, 1931
List the prime factors of 38101.
7, 5443
List the prime factors of 47119.
47119
What are the prime factors of 4869821?
11, 31, 14281
List the prime factors of 1332299.
19, 70121
What are the prime factors of 200304?
2, 3, 13, 107
What are the prime factors of 1597960?
2, 5, 7, 13, 439
What are the prime factors of 786556?
2, 17, 43, 269
List the prime factors of 43553413.
617, 70589
What are the prime factors of 685858?
2, 342929
List the prime factors of 614241.
3, 139, 491
List the prime factors of 7266923.
7266923
List the prime factors of 947787.
3, 97, 3257
What are the prime factors of 5401670?
2, 5, 540167
What are the prime factors of 747144?
2, 3, 1153
List the prime factors of 259386.
2, 3, 17, 2543
What are the prime factors of 23456?
2, 733
List the prime factors of 184483.
13, 23, 617
List the prime factors of 2149453.
2149453
What are the prime factors of 3162183?
3, 1054061
List the prime factors of 13603842.
2, 3, 7, 17, 29, 73
What are the prime factors of 8215123?
7, 1173589
What are the prime factors of 843041?
647, 1303
What are the prime factors of 174648?
2, 3, 19, 383
List the prime factors of 35696724.
2, 3, 7, 424961
List the prime factors of 13388626.
2, 89, 75217
What are the prime factors of 18769422?
2, 3, 7, 446891
What are the prime factors of 7284887?
29, 251203
What are the prime factors of 3472256?
2, 27127
List the prime factors of 8470522.
2, 17, 249133
List the prime factors of 546070.
2, 5, 7, 29, 269
List the prime factors of 1538083.
1538083
What are the prime factors of 1467630?
2, 3, 5, 23, 709
What are the prime factors of 1396173?
3, 41, 11351
What are the prime factors of 5072017?
349, 14533
What are the prime factors of 136442?
2, 17, 4013
List the prime factors of 805842.
2, 3, 14923
What are the prime factors of 25345970?
2, 5, 13, 241, 809
What are the prime factors of 4141253?
631, 6563
List the prime factors of 25938576.
2, 3, 97, 619
What are the prime factors of 4786894?
2, 7, 17, 20113
List the prime factors of 2490296.
2, 17, 18311
What are the prime factors of 2951000?
2, 5, 13, 227
What are the prime factors of 435211?
7, 79, 787
List the prime factors of 250167.
3, 83389
What are the prime factors of 2121988?
2, 11, 29, 1663
What are the prime factors of 1652421?
3, 67, 8221
What are the prime factors of 30816474?
2, 3, 13, 30391
List the prime factors of 52693.
23, 29, 79
List the prime factors of 259128.
2, 3, 59, 61
List the prime factors of 19713585.
3, 5, 1314239
What are the prime factors of 588574?
2, 7, 17, 2473
What are the prime factors of 4882455?
3, 5, 108499
List the prime factors of 337120.
2, 5, 7, 43
What are the prime factors of 8389298?
2, 19, 220771
List the prime factors of 3360459.
3, 1120153
What are the prime factors of 1458055?
5, 331, 881
What are the prime factors of 11412023?
7, 47, 34687
List the prime factors of 1937531.
31, 62501
What are the prime factors of 210698?
2, 17, 6197
List the prime factors of 5621039.
23, 244393
What are the prime factors of 204838?
2, 23, 61, 73
What are the prime factors of 3353415?
3, 5, 13, 29, 593
List the prime factors of 503420.
2, 5, 25171
What are the prime factors of 1117235?
5, 7, 137, 233
What are the prime factors of 2051017?
59, 34763
What are the prime factors of 662979?
3, 223, 991
List the prime factors of 281851.
29, 9719
What are the prime factors of 148085?
5, 7, 4231
List the prime factors of 2603312.
2, 17, 563
What are the prime factors of 14092560?
2, 3, 5, 23, 37
What are the prime factors of 80060?
2, 5, 4003
What are the prime factors of 4336206?
2, 3, 7, 43
List the prime factors of 3962586.
2, 3, 73, 83, 109
What are the prime factors of 795042?
2, 3, 14723
List the prime factors of 7340088.
2, 3, 7, 43691
List the prime factors of 574565.
5, 114913
List the prime factors of 851712.
2, 3, 1109
List the prime factors of 1645654.
2, 67, 12281
List the prime factors of 2626907.
29, 90583
List the prime factors of 344476.
2, 11, 7829
List the prime factors of 1902103.
7, 271729
List the prime factors of 2352778.
2, 79, 14891
List the prime factors of 1345366.
2, 11, 61153
What are the prime factors of 16971?
3, 5657
What are the prime factors of 19495865?
5, 3899173
List the prime factors of 168841.
109, 1549
List the prime factors of 436125.
3, 5, 1163
What are the prime factors of 26922?
2, 3, 7, 641
What are the prime factors of 765778?
2, 13, 29453
What are the prime factors of 626042?
2, 17, 18413
What are the prime factors of 664438?
2, 332219
List the prime factors of 1907065.
5, 381413
List the prime factors of 1252850.
2, 5, 25057
List the prime factors of 1865865.
3, 5, 53, 2347
List the prime factors of 201780.
2, 3, 5, 19, 59
What are the prime factors of 3980864?
2, 62201
What are the prime factors of 249758?
2, 47, 2657
List the prime factors of 2980799.
2980799
What are the prime factors of 5580213?
3, 1860071
What are the prime factors of 9149986?
2, 1709, 2677
What are the prime factors of 69375?
3, 5, 37
List the prime factors of 916765.
5, 181, 1013
What are the prime factors of 134576?
2, 13, 647
List the prime factors of 6886804.
2, 29, 59369
List the prime factors of 229961.
229961
What are the prime factors of 7882771?
13, 109, 5563
List the prime factors of 171506.
2, 29, 2957
What are the prime factors of 7066433?
11, 642403
List the prime factors of 592324.
2, 373, 397
List the prime factors of 275978.
2, 17, 8117
List the prime factors of 8467945.
5, 443, 3823
List the prime factors of 16225939.
17, 61, 15647
List the prime factors of 104548.
2, 59, 443
List the prime factors of 974340.
2, 3, 5, 5413
List the prime factors of 1292369.
13, 89, 1117
List the prime factors of 449800.
2, 5, 13, 173
List the prime factors of 5308851.
3, 53, 173, 193
What are the prime factors of 368850?
2, 3, 5, 2459
What are the prime factors of 7107848?
2, 11, 37, 59
List the prime factors of 5243229.
3, 29, 20089
List the prime factors of 1134804.
2, 3, 11, 8597
What are the prime factors of 7379221?
41, 179981
List the prime factors of 4544323.
7, 73, 8893
List the prime factors of 4552048.
2, 293, 971
What are the prime factors of 13300?
2, 5, 7, 19
What are the prime factors of 421867?
73, 5779
List the prime factors of 1869971.
1869971
What are the prime factors of 3300013?
241, 13693
What are the prime factors of 290401?
149, 1949
List the prime factors of 256619.
11, 41, 569
What are the prime factors of 837641?
7, 17, 7039
List the prime factors of 13503593.
17, 683, 1163
What are the prime factors of 223357?
401, 557
List the prime factors of 2130893.
41, 51973
List the prime factors of 832839.
3, 7, 39659
What are the prime factors of 730391?
31, 23561
What are the prime factors of 6509342?
2, 7, 464953
List the prime factors of 188867.
7, 26981
List the prime factors of 522571.
7, 74653
What are the prime factors of 19775286?
2, 3, 251, 1459
List the prime factors of 363059.
363059
List the prime factors of 147378.
2, 3, 7, 11, 29
What are the prime factors of 4954336?
2, 154823
List the prime factors of 329804.
2, 41, 2011
List the prime factors of 554609.
11, 127, 397
What are the prime factors of 693104?
2, 43319
What are the prime factors of 188335?
5, 7, 5381
What are the prime factors of 243850?
2, 5, 4877
List the prime factors of 353692.
2, 88423
What are the prime factors of 1010779?
7, 11, 13127
List the prime factors of 13950507.
3, 4650169
List the prime factors of 904928.
2, 28279
List the prime factors of 1228525.
5, 157, 313
What are the prime factors of 2230693?
37, 60289
What are the prime factors of 763484?
2, 190871
What are the prime factors of 27281931?
3, 67, 135731
What are the prime factors of 748577?
29, 83, 311
What are the prime factors of 13229857?
13229857
What are the prime factors of 778209?
3, 17, 15259
What are the prime factors of 23442484?
